-- https://www.phpmyadmin.net/
--

START TRANSACTION;



-- --------------------------------------------------------

--
-- Table structure for table `carousels`
--

CREATE TABLE `carousels` (
  `id` bigint UNSIGNED NOT NULL,
  `image` varchar(255) COLLATE utf8mb4_unicode_ci NOT NULL,
  `title` varchar(255) COLLATE utf8mb4_unicode_ci DEFAULT NULL,
  `description` text COLLATE utf8mb4_unicode_ci,
  `active` tinyint(1) NOT NULL DEFAULT '1',
  `created_at` timestamp NULL DEFAULT NULL,
  `updated_at` timestamp NULL DEFAULT NULL
) ENGINE=InnoDB DEFAULT CHARSET=utf8mb4 COLLATE=utf8mb4_unicode_ci;

-- --------------------------------------------------------

--
-- Table structure for table `categories`
--

CREATE TABLE `categories` (
  `id` bigint UNSIGNED NOT NULL,
  `category_name` varchar(255) COLLATE utf8mb4_unicode_ci NOT NULL,
  `img` varchar(255) COLLATE utf8mb4_unicode_ci DEFAULT NULL,
  `created_at` timestamp NULL DEFAULT NULL,
  `updated_at` timestamp NULL DEFAULT NULL
) ENGINE=InnoDB DEFAULT CHARSET=utf8mb4 COLLATE=utf8mb4_unicode_ci;

--
-- Dumping data for table `categories`
--

INSERT INTO `categories` (`id`, `category_name`, `img`, `created_at`, `updated_at`) VALUES
(1, 'blender', NULL, '2025-08-28 22:57:47', '2025-08-28 22:57:47'),
(2, 'cable', NULL, '2025-08-28 22:57:52', '2025-08-28 22:57:52'),
(3, 'Hair Clipper', NULL, '2025-08-28 22:57:59', '2025-08-28 22:57:59'),
(4, 'Air Fry', NULL, '2025-08-28 22:58:11', '2025-08-28 22:58:11'),
(5, 'Charger', NULL, '2025-08-28 22:58:24', '2025-08-28 22:58:24'),
(6, 'Fan', NULL, '2025-08-28 22:58:30', '2025-08-28 22:58:30'),
(7, 'Kettle', NULL, '2025-08-28 22:58:40', '2025-08-28 22:58:40'),
(8, 'Powerbank', NULL, '2025-08-28 22:58:46', '2025-08-28 22:58:46'),
(9, 'Smart Shaver', NULL, '2025-08-28 22:58:53', '2025-08-28 22:58:53'),
(10, 'Smart Trimmer', NULL, '2025-08-28 22:59:01', '2025-08-28 22:59:01'),
(11, 'Smart Watch', NULL, '2025-08-28 22:59:08', '2025-08-28 22:59:08'),
(12, 'Solar light', NULL, '2025-08-28 22:59:16', '2025-08-28 22:59:16'),
(13, 'TWS', NULL, '2025-08-28 22:59:21', '2025-08-28 22:59:21'),
(14, 'Wireless Headset', NULL, '2025-08-28 22:59:27', '2025-08-28 22:59:27');

-- --------------------------------------------------------

--
-- Table structure for table `failed_jobs`
--

CREATE TABLE `failed_jobs` (
  `id` bigint UNSIGNED NOT NULL,
  `uuid` varchar(255) COLLATE utf8mb4_unicode_ci NOT NULL,
  `connection` text COLLATE utf8mb4_unicode_ci NOT NULL,
  `queue` text COLLATE utf8mb4_unicode_ci NOT NULL,
  `payload` longtext COLLATE utf8mb4_unicode_ci NOT NULL,
  `exception` longtext COLLATE utf8mb4_unicode_ci NOT NULL,
  `failed_at` timestamp NOT NULL DEFAULT CURRENT_TIMESTAMP
) ENGINE=InnoDB DEFAULT CHARSET=utf8mb4 COLLATE=utf8mb4_unicode_ci;

-- --------------------------------------------------------

--
-- Table structure for table `items`
--

CREATE TABLE `items` (
  `id` bigint UNSIGNED NOT NULL,
  `item_name` varchar(255) COLLATE utf8mb4_unicode_ci NOT NULL,
  `description` text COLLATE utf8mb4_unicode_ci,
  `old_price` decimal(8,0) DEFAULT NULL,
  `new_price` decimal(8,0) NOT NULL,
  `category_id` bigint UNSIGNED NOT NULL,
  `main_img` varchar(255) COLLATE utf8mb4_unicode_ci NOT NULL,
  `img_1` varchar(255) COLLATE utf8mb4_unicode_ci DEFAULT NULL,
  `img_2` varchar(255) COLLATE utf8mb4_unicode_ci DEFAULT NULL,
  `img_3` varchar(255) COLLATE utf8mb4_unicode_ci DEFAULT NULL,
  `trend` tinyint NOT NULL DEFAULT '0',
  `new` tinyint NOT NULL DEFAULT '0',
  `exist` tinyint NOT NULL DEFAULT '0',
  `created_at` timestamp NULL DEFAULT NULL,
  `updated_at` timestamp NULL DEFAULT NULL
) ENGINE=InnoDB DEFAULT CHARSET=utf8mb4 COLLATE=utf8mb4_unicode_ci;

--
-- Dumping data for table `items`
--

INSERT INTO `items` (`id`, `item_name`, `description`, `old_price`, `new_price`, `category_id`, `main_img`, `img_1`, `img_2`, `img_3`, `trend`, `new`, `exist`, `created_at`, `updated_at`) VALUES
(1, 'AIFR itel IAF-001', 'هو جهاز من فئة أجهزة المطبخ (غالباً خلاط أو جهاز تحضير الطعام) من علامة itel ويأتي بلون أسود ويلبي المواصفات الأوروبية. المعلومات المباشرة عن المواصفات التقنية محدودة جداً في المصادر الحالية، لكن اعتماداً على نمط تسمية الشركة ومنتجاتها المشابهة، يكون الجهاز عادةً:', 60000, 40000, 4, 'images/items/1756432937_main_WhatsApp_Image_2025-05-26_at_16.48.49_8a996c24.webp', NULL, NULL, NULL, 1, 1, 1, '2025-08-28 23:02:17', '2025-08-28 23:16:32'),
(2, 'AIFR itel IAF-003 Grey UK', 'يُساعدك جهاز itel للقلاية الهوائية متعددة الوظائف بسعة 5 لترات على تقليل استهلاك الدهون بنسبة تصل إلى 80%، مما يمكنك من قلي الطعام دون الحاجة إلى الزيت. يتميز بتقنية الهواء السريع، وتحكم بدرجة حرارة قابلة للتعديل، ومؤقت زمني لمدة 30 دقيقة يمكنك من ضبط وقت الطهي مسبقًا. كما يحافظ فلتر الهواء المدمج على نضارة ونظافة مطبخك، بينما يمكن إزالة أجزاء القلاية الهوائية وتنظيفها في غسالة الأطباق بسهولة. يتضمن الجهاز كتيب وصفات لمساعدتك على بدء نظام طهي صحي.', 60000, 51000, 4, 'images/items/1756433453_main_3_7b8db9b0-e506-4102-a8e9-6ab40b976d6f.webp', NULL, NULL, NULL, 1, 1, 1, '2025-08-28 23:10:53', '2025-08-28 23:10:53'),
(3, 'Itel ICD-C21 1M Charging USB Type C Cable with High-Speed Data Transfer', 'نوع الكابل: Type-C (متوافق مع أجهزة USB Type-C)\r\nتيار الشحن السريع: 2.1 أمبير كحد أقصى\r\nالطول: 1 متر\r\nقدرة النقل: يدعم شحن سريع ونقل بيانات بسرعة تصل إلى 480 ميغابت/ثانية\r\nالتصميم: مسطح (Flat) لمنع التشابك وسهولة الاستخدام\r\nالألوان المتوفرة: الأسود، الأبيض، الأحمر، الأزرق، البرتقالي\r\nمقاوم للتآكل والانحناء مع عمر افتراضي مرتفع (حتى 10000 انحناءة)', 10000, 50000, 2, 'images/items/1756433897_main_ItelICD-C211MChargingUSBCablewithHigh-SpeedDataTransferi1_500x.webp', NULL, NULL, NULL, 1, 1, 1, '2025-08-28 23:18:17', '2025-08-28 23:18:17'),
(4, 'DataCableitelICD-C21J 2.1A', 'كابل بيانات itel ICD-C21J هو كيبل USB من نوع Type-C يدعم شحن سريع حتى 2.1 أمبير وسرعة نقل بيانات تصل إلى 480 ميغابت في الثانية. متوفر بطول 1 متر أو 2 متر، ويتميز بتصميم متين مقاوم للالتواء والتشابك، مما يمنحه عمر افتراضي طويل. يأتي بألوان متعددة مثل الأسود والأبيض والأحمر والأزرق والبرتقالي.', 1000, 5000, 2, 'images/items/1756433966_main_21.jpg', NULL, NULL, NULL, 1, 1, 1, '2025-08-28 23:19:26', '2025-08-28 23:19:26'),
(5, 'Data Cable itel ICD-C60s', 'كابل بيانات itel ICD-C60s هو كابل USB Type-C إلى Type-C يدعم شحن سريع بتيار يصل إلى 2.4 أمبير، مع سرعة نقل بيانات عالية تصل إلى 480 ميغابت في الثانية. يتميز الكابل بقوة التحمل والمتانة العالية مع تصميم عملي لطول 1 متر. يأتي بتصميم أنيق بلون أبيض مع جودة مواد عالية لضمان عمر افتراضي طويل ومقاومة للتآكل والانحناء.', 1000, 5000, 2, 'images/items/1756434043_main_icd-c33-itel-original-imahaz2gkezxyuem.jpeg', NULL, NULL, NULL, 1, 1, 1, '2025-08-28 23:20:43', '2025-08-28 23:20:43'),
(6, 'DataCableitel ICD-L21F 2.1A', 'يدعم شحن سريع بتيار 2.1 أمبير وخرج 5 فولت.\r\n\r\nطول الكابل 1 متر.\r\n\r\nسرعة نقل بيانات تصل إلى 480 ميغابت في الثانية.\r\n\r\nتصميم متين مع مواد عالية الجودة لتحمل الاستخدام اليومي.\r\n\r\nمتوافق مع معظم أجهزة Apple التي تستخدم منفذ Lightning.\r\n\r\nمقاوم للتشابك بفضل التصميم المرن.', 10000, 5000, 2, 'images/items/1756434108_main_icd-21-2a-fast-charging-data-cable-itel-original-imag2s3fsaphueaa.jpeg', NULL, NULL, NULL, 1, 1, 1, '2025-08-28 23:21:48', '2025-08-28 23:21:48'),
(7, 'DataCableitelICD-C22F2', 'كابل بيانات itel ICD-C22F2 هو كابل USB من نوع Type-C إلى USB-A بطول حوالي 1.2 متر، ويدعم شحن سريع حتى 2.1 أمبير مع سرعة نقل بيانات تصل إلى 480 ميغابت في الثانية. يتمتع الكابل بتصميم متين ومقاوم للالتواء، مع مواد عالية الجودة لتحمل الاستخدام اليومي. وهو متوافق مع معظم الأجهزة الحديثة التي تستخدم منفذ USB Type-C مثل الهواتف الذكية، الأجهزة اللوحية، وبنوك الطاقة.', 10000, 5000, 2, 'images/items/1756434167_main_DataCableitelICD-C22F2.jpg', NULL, NULL, NULL, 1, 1, 1, '2025-08-28 23:22:47', '2025-08-28 23:22:47'),
(8, 'Data Cable itel ICD-C24s', 'كابل بيانات itel ICD-C24s هو كابل USB-A إلى USB Type-C بطول 1 متر ويدعم شحن سريع بتيار 2.4 أمبير مع سرعة نقل بيانات تصل إلى 480 ميغابت في الثانية. يتميز الكابل بتصميم متين وعالي الجودة مع مقاومة للتآكل والانحناء، مما يجعله مناسبًا للاستخدام اليومي الطويل. يتوفر هذا الكابل بألوان مثل الأسود والأبيض ويوفر أداءً مستقراً وموثوقًا في الشحن ونقل البيانات.', 10000, 5000, 2, 'images/items/1756434243_main_ICD-C24DataCable_White_Black_1_grande.jpg', NULL, NULL, NULL, 1, 1, 1, '2025-08-28 23:24:03', '2025-08-28 23:24:03'),
(9, 'Data Cable itel ICD-L24s', 'كابل بيانات itel ICD-L24s هو كابل USB-A إلى Lightning مخصص لأجهزة أبل مثل iPhone وiPad. يتميز الكابل بدعم شحن سريع حتى 2.1 أمبير، مع سرعة نقل بيانات تصل إلى 480 ميغابت في الثانية. طوله حوالي 1 متر، وتصميمه متين لتحمل الاستخدام اليومي مع مقاومة جيدة للتشابك والتآكل.', 10000, 5000, 2, 'images/items/1756434300_main_icd-l23-braided-itel-original-imahbzz7y5brgtbz.jpeg', NULL, NULL, NULL, 1, 1, 1, '2025-08-28 23:25:00', '2025-08-28 23:25:00'),
(10, 'Data Cable itel ICD-C60s 2.4A 1M', 'كابل بيانات itel ICD-C60s هو كابل USB Type-C إلى USB Type-C بطول 1 متر ويدعم شحن سريع بتيار 2.4 أمبير مع سرعة نقل بيانات تصل إلى 480 ميغابت في الثانية. يتميز الكابل بمواد عالية الجودة مثل PVC المتين وقطر 4.0 ملم، ويتميز بتقنية شحن بدرجة حرارة منخفضة للحفاظ على سلامة الجهاز أثناء الشحن. يوفر حماية معززة للأجهزة المتصلة لضمان أمان الاستخدام. هذا الكابل مناسب للأجهزة الحديثة التي تدعم منافذ Type-C مثل الهواتف الذكية، الأجهزة اللوحية، والبنوك الخارجية للطاقة، مع ضمان يصل إلى 6 أشهر في بعض الأماكن.', 10000, 5000, 2, 'images/items/1756434360_main_C60S_2.webp', NULL, NULL, NULL, 1, 1, 1, '2025-08-28 23:26:00', '2025-08-28 23:26:00'),
(11, 'DACB itel ICD-L22N', 'كابل بيانات itel ICD-L22N هو كابل USB إلى Lightning مخصص لأجهزة Apple مثل iPhone وiPad. طوله 1 متر ويدعم شحن سريع بتيار يصل إلى 2.1 أمبير، مع سرعة نقل بيانات تصل إلى 480 ميغابت في الثانية. يتميز الكابل بتصميم مضفر (Braided) متين يعزز من عمره ويجعله مقاومًا للتشابك والتآكل، مما يجعله مناسبًا للاستخدام اليومي.', 10000, 5000, 2, 'images/items/1756434415_main_048b7d404bbfc4a599065a15819aff85.jpg', NULL, NULL, NULL, 1, 1, 1, '2025-08-28 23:26:55', '2025-08-28 23:26:55'),
(12, 'Data Cable itel ICD-C22N', 'كابل البيانات itel ICD-C22N هو كابل USB-A إلى USB Type-C بطول 1 متر، ويدعم شحن سريع بتيار 2.1 أمبير وسرعة نقل بيانات تصل إلى 480 ميغابت في الثانية. يتميز بتصميم مضفر (Braided) من النايلون مما يزيد من متانته ومقاومته للتمزق والانحناء، ويأتي بسماكة أكبر بنسبة 30% لزيادة المتانة. الكابل يدعم شحن سريع حتى 18 واط ويعد خيارًا قويًا للاستخدام اليومي مع جميع الأجهزة التي تدعم USB Type-C.', 10000, 5000, 2, 'images/items/1756434514_main_images (2).jpg', NULL, NULL, NULL, 1, 1, 1, '2025-08-28 23:28:34', '2025-08-28 23:28:34'),
(13, 'Car Charger itel ICC-101', 'شاحن السيارة itel ICC-101 هو شاحن مزدوج المنافذ مصمم لشحن الهواتف الذكية والأجهزة الإلكترونية أثناء القيادة بسرعة وكفاءة. يتمتع بميزات شحن سريع ومواد تصنيع متينة مع توافق واسع مع مختلف أنواع الأجهزة.', 20000, 15000, 2, 'images/items/1756434602_main_icc-101-itel-original-imagz9g9crkxf2nz.webp', NULL, NULL, NULL, 1, 1, 1, '2025-08-28 23:30:02', '2025-08-28 23:30:02'),
(14, 'Charger itel ICW-204UC', 'النوع: شاحن جداري (Wall Charger)\r\n\r\nقوة الشحن: يدعم الشحن السريع، غالبًا بقدرة تصل إلى 20 واط (مواصفات مشابهة للطراز ICW-204U)\r\n\r\nالواجهة: يدعم منفذ USB Type-C مع تقنية Power Delivery (PD)\r\n\r\nمميزات الأمان: يحتوي على حماية مدمجة من الشحن الزائد والحرارة الزائدة وقصر الدائرة الكهربائية، ما يضمن سلامة الجهاز أثناء الشحن.', 20000, 15000, 2, 'images/items/1756434685_main_New-ProjITEL_CHARGER-ICW-182UCect.webp', NULL, NULL, NULL, 1, 1, 1, '2025-08-28 23:31:25', '2025-08-28 23:31:25'),
(15, 'CHAR itel ICW-652U', 'شاحن itel ICW-652U هو شاحن جداري عالي الأداء بقوة 65 واط باستخدام تقنية GaN الحديثة، ويحتوي على ثلاث منافذ للشحن: منفذي USB Type-C ومنفذ USB-A واحد. يدعم الشحن السريع مع حماية من ارتفاع الجهد والحرارة، مما يضمن سلامة الأجهزة أثناء الشحن.', 20000, 15000, 2, 'images/items/1756434736_main_chargerflo.webp', NULL, NULL, NULL, 1, 1, 1, '2025-08-28 23:32:16', '2025-08-28 23:32:16'),
(16, 'FS itel UK IF-AC16 16', 'مروحة itel بعجلات 16 إنش قابلة لإعادة الشحن تعمل بنظام AC/DC مع لوح شمسي ومزودة بمصابيح LED.', 60000, 50000, 6, 'images/items/1756434827_main_IMG-20250212-WA0126.jpg', NULL, NULL, NULL, 1, 1, 1, '2025-08-28 23:33:47', '2025-08-28 23:33:47'),
(17, 'Hair Clipper itel IHC-38', 'ماكينة الحلاقة itel IHC-38 هي ماكينة متعددة الوظائف قابلة لإعادة الشحن، مزودة بمحرك قوي بسرعة 7000 دورة في الدقيقة لضمان قصّ سريع ودقيق للشعر.', 30000, 20000, 3, 'images/items/1756434924_main_images (3).jpg', NULL, NULL, NULL, 1, 1, 1, '2025-08-28 23:35:24', '2025-08-28 23:35:24'),
(18, 'PowerBankitel A1420 10000mAH 20W', 'PowerBank itel A1420 سعة 10000mAh يدعم الشحن السريع بقدرة 20 واط، ويوفر إمكانية شحن عدة أجهزة في وقت واحد عبر 3 منافذ (2 منفذ USB-A، 1 منفذ USB-C). يتميز بهيكل مضغوط وخفيف الوزن يسهل حمله، ومناسب للسفر والاستخدام اليومي، مع شاشة LED رقمية تعرض حالة البطارية بدقة.', 35000, 25000, 8, 'images/items/1756435012_main_2_f020babc-79c4-4e18-a23c-1d655263b9e4.webp', NULL, NULL, NULL, 1, 1, 1, '2025-08-28 23:36:52', '2025-08-28 23:36:52'),
(19, 'PowerBank itel A1123 10000mAH15W', 'باوربانك itel A1123 بسعة 10000mAh وقوة شحن 15 واط هو جهاز صغير وخفيف يدعم الشحن السريع مع مخرج 15 واط. يأتي الجهاز بثلاث منافذ: واحد USB-A ومنفذين USB-C (بما في ذلك كابل مدمج).', 35000, 20000, 8, 'images/items/1756435069_main_1_4_672693a3-a425-4211-95b2-01237aa93deb.webp', NULL, NULL, NULL, 1, 1, 1, '2025-08-28 23:37:49', '2025-08-28 23:37:49'),
(20, 'PowerBankitel A1460 20000mAH', 'PowerBank itel A1460 بسعة 20000mAh هو بنك طاقة حديث يدعم الشحن السريع حتى 20 واط ويتميز بعدة منافذ لشحن أجهزة متعددة في نفس الوقت، بالإضافة إلى شاشة رقمية ووجود كشاف LED مدمج.', 30000, 25000, 8, 'images/items/1756435132_main_WhatsApp_Image_2025-01-06_at_16.43.38_1.webp', NULL, NULL, NULL, 1, 1, 1, '2025-08-28 23:38:52', '2025-08-28 23:38:52'),
(21, 'PowerBankitel A1121 10000mAH', 'PowerBank itel A1121 بسعة 10000mAh هو بنك طاقة مدمج يدعم الشحن السريع حتى 12 واط لشحن ثلاث أجهزة معًا عبر منفذي USB-A ومنفذ Type-C. يتميز بتصميم مضاد للانزلاق وشاشة رقمية لعرض مستوى البطارية، ويحتوي على بطارية ليثيوم آمنة مع تقنيات حماية متعددة ضد الشحن الزائد والحرارة. يأتي مع كابل Type-C مجاني ويسمح بالشحن والإخراج من خلال منفذ Type-C، مما يجعله عمليًا للهواتف الذكية والأجهزة اللوحية ومختلف الأجهزة الإلكترونية الحديثة.', 35000, 30000, 8, 'images/items/1756435243_main_1_ae4acef9-df68-4fff-ad53-44b611fd5c75.webp', NULL, NULL, NULL, 1, 1, 1, '2025-08-28 23:40:43', '2025-08-28 23:40:43'),
(22, 'Shaver itel ISS-13 USB', 'ماكينة الحلاقة itel ISS-13 USB هي ماكينة حلاقة ذكية متعددة الوظائف تجمع بين حلاقة الشعر، تشذيب الشعر، وتشذيب شعر الأنف في جهاز واحد.', 40000, 35000, 9, 'images/items/1756435301_main_images (4).jpg', NULL, NULL, NULL, 1, 1, 1, '2025-08-28 23:41:41', '2025-08-28 23:41:41'),
(23, 'TRIM itel ITR-35', 'ماكينة تشذيب الشعر itel ITR-35 هي ماكينة ذكية وشاملة توفر دقة عالية في التشذيب مع ميزات مريحة ومتطورة.', 35000, 25000, 10, 'images/items/1756435392_main_195779_1738421063.webp', NULL, NULL, NULL, 1, 1, 1, '2025-08-28 23:43:12', '2025-08-28 23:43:12'),
(24, 'SMWA itel ISW-L1 LUREX', 'ساعة itel الذكية ISW-L1 LUREX تأتي بمواصفات حديثة للتابعين نمط حياة نشط يهتمون بالصحة والتكنولوجيا:\r\n\r\nشاشة لمس عالية الدقة بحجم 2.01 إنش بدقة HD توفر وضوحًا عاليًا في العرض.\r\n\r\nمقاومة للماء والغبار بمعيار IP68، مما يجعلها مناسبة للاستخدام أثناء التمارين أو في البيئات المختلفة.\r\n\r\nمزودة بأجهزة استشعار لمراقبة معدل ضربات القلب ومستوى الأكسجين في الدم (SpO2).\r\n\r\nتدعم المكالمات عبر البلوتوث، مع مساعد صوتي ذكي.\r\n\r\nعمر بطارية طويل يصل إلى أكثر من 30 يومًا في وضع الاستعداد.\r\n\r\nوظائف صحية مثل تتبع النوم، ومراقبة النشاط اليومي، والتنبيهات الصحية.', 50000, 45000, 11, 'images/items/1756435461_main_1_1_2d502436-41d9-4bcc-82f9-5d5b067c8959.webp', NULL, NULL, NULL, 1, 1, 1, '2025-08-28 23:44:21', '2025-08-28 23:44:21'),
(25, 'Smart watch itel ISW-N8P', 'ساعة itel Horizon ISW-N8P هي ساعة ذكية متطورة بشاشة AMOLED منحنية بحجم 1.43 إنش وسطوع عالٍ يصل إلى 1000 شمعة، مما يضمن رؤية ممتازة حتى تحت أشعة الشمس المباشرة. تتميز بمعالج ثنائي النواة لمنح المستخدم أداء أسرع وأكثر سلاسة، إضافة إلى تاج قابل للدوران وزرين جانبيين لتسهيل التنقل والضبط.', 50000, 45000, 11, 'images/items/1756435538_main_images (5).jpg', NULL, NULL, NULL, 1, 1, 1, '2025-08-28 23:45:38', '2025-08-28 23:45:38'),
(26, 'SMWA itel ISW-O20', 'ساعة itel SmartWatch ISW-O20 (Fit 020) هي ساعة ذكية حديثة تتميز بشاشة كبيرة 2.04 إنش HD، مقاومة للماء والغبار بمعيار IP68، ودعم لمزايا متقدمة مثل واجهات الساعة التفاعلية المولدة بتقنية الذكاء الاصطناعي، اتصال بلوتوث للمكالمات والتنبيهات، وتتبع صحي ورياضي شامل.', 50000, 45000, 11, 'images/items/1756435589_main_Itel-Smart-Watch-Fit-020-ISW020-2.jpg', 'images/items/1756435628_img_1_images (6).jpg', 'images/items/1756435673_img_2_detail-pc_01.webp', NULL, 1, 1, 1, '2025-08-28 23:46:29', '2025-08-28 23:47:53'),
(27, 'Smartwatchitel ISW-O23', 'ساعة itel O23 Storm Ultra Smartwatch تجمع بين شاشة كبيرة عالية الوضوح، هيكل معدني، مقاومة عالية للماء والغبار، ومجموعة واسعة من ميزات الصحة والتواصل الذكي، وتعتبر واحدة من أفضل خيارات itel الذكية للفئة الاقتصادية لعام 2025.', 60000, 50000, 11, 'images/items/1756435736_main_itel_itel_smart_watch_smartwatch_023_isw-o23_3_active_-_tahan_air_ip68_100_mode_olahraga_spo2_telepon_bluetooth_garansi_resmi_full01_on63u9es.webp', 'images/items/1756435736_img1_Itel-ISW-023-Gold.jpg', NULL, NULL, 1, 1, 1, '2025-08-28 23:48:56', '2025-08-28 23:48:56'),
(28, 'SMWA itel ISW-O25', 'ساعة itel Smart Watch Fit O25 (ISW-O25) تتميز بشاشة AMOLED كبيرة بحجم 1.95 إنش وسطوع قوي حتى 650 شمعة، مع إطار مقاوم للماء بمعيار IP68، ما يجعلها مناسبة للاستخدام أثناء التمارين أو حتى السباحة. تصميم الساعة عصري ويتوفر بعدة ألوان منها الذهبي والأزرق والأسود الداكن.', 60000, 50000, 11, 'images/items/1756435803_main_Itel-Smart-Watch-Fit-O25-Midnight-Blue.jpg', 'images/items/1756435803_img1_images (7).jpg', NULL, NULL, 1, 1, 1, '2025-08-28 23:50:03', '2025-08-28 23:50:03'),
(29, 'Solar Light itel ISL-001', 'Solar Light itel ISL-001 هو مصباح طاقة شمسية عالي القدرة من itel، يقدّم إضاءة قوية وتقنيات متقدمة للبيئة الخارجية، بسعة بطارية كبيرة ووظائف متعددة، مناسب للحدائق، الشوارع، والمناطق التي تحتاج إضاءة تدوم طويلاً وموثوقة.', 30000, 25000, 12, 'images/items/1756435869_main_Itel-Solar-Light-L1-ISL001-2.jpg', NULL, NULL, NULL, 1, 1, 1, '2025-08-28 23:51:09', '2025-08-28 23:51:09'),
(30, 'SLS 1-select ISLS-003', 'منتجات الشمسية الأخرى مثل ISL-001 التي تتميز بإضاءة LED عالية السطوع، بطارية قوية، شحن شمسي معتمد على لوحات شمسية مدمجة، وتوافق مع الاستخدام الخارجي بمقاومة للماء والغبار.', 60000, 50000, 12, 'images/items/1756436012_main_71OI9jYKnBL._AC_UL495_SR435,495_.jpg', NULL, NULL, NULL, 1, 1, 1, '2025-08-28 23:53:32', '2025-08-28 23:53:32'),
(31, 'TWS Earphone itel BudsAir Pro', 'سماعات itel BudsAir Pro هي سماعات أذن لاسلكية TWS متقدمة توفر جودة صوت ممتازة مع ميزات عصرية وأداء عالي.\r\n\r\nالمواصفات الرئيسية لسماعات itel BudsAir Pro:\r\nالسائق: 10 مم ديناميكي يقدم صوت عميق وباس قوي مع تفاصيل واضحة.\r\n\r\nتقنية إلغاء الضوضاء: AI ENC (إلغاء الضوضاء البيئي) مع ميكروفونين لإجراء مكالمات واضحة حتى في البيئات الصاخبة.\r\n\r\nعمر البطارية: حتى 30 ساعة من التشغيل مع العلبة وشحن سريع للشحن الكامل خلال حوالي 1.5 ساعة.\r\n\r\nالاتصال: بلوتوث 5.4 يضمن اتصالًا سريعًا وثابتًا مع الأجهزة.\r\n\r\nمقاومة الماء: شهادة IPX5 ضد الماء والعرق، ملائمة للاستخدام أثناء التمارين أو تحت المطر الخفيف.\r\n\r\nالتحكم: تحكم باللمس على السماعات للتحكم في الصوت، المكالمات، وتشغيل الموسيقى.\r\n\r\nوزن السماعة: خفيف ومريح للارتداء لفترات طويلة.', 50000, 45000, 13, 'images/items/1756436085_main_itel-budsair-pro-super-bass-enc-bluetooth-54-touch-control-earbuds-mxkhn222930.webp', NULL, NULL, NULL, 0, 0, 0, '2025-08-28 23:54:45', '2025-08-28 23:54:45'),
(32, 'TWS Earphone itel Buds Neo 3', 'سماعة itel BudsNeo 3 TWS Earphone تعد من أحدث وأقوى سماعات الأذن اللاسلكية من itel، وتستهدف المستخدمين الذين يبحثون عن أداء طويل، صوت قوي، ومزايا ذكية بسعر اقتصادي. تتميز بمواصفات تفوق أغلب المنافسين في فئتها.', 50000, 45000, 13, 'images/items/1756436186_main_BudsNeo-3-PC0814_01.jpg', NULL, NULL, NULL, 1, 0, 1, '2025-08-28 23:56:26', '2025-08-28 23:56:26'),
(33, 'TWS itel IEW-50', 'سماعة itel BudsAir 5 Super Bass (IEW-50) هي سماعة أذن لاسلكية (TWS) حديثة من itel تجمع بين جودة صوت قوية وميزات متقدمة، خاصة في الفئة الاقتصادية.', 40000, 35000, 13, 'images/items/1756436251_main_71vr3i3uKOL._UF1000,1000_QL80_.jpg', NULL, NULL, NULL, 1, 1, 1, '2025-08-28 23:57:31', '2025-08-28 23:57:31'),
(34, 'TWS itel IEW-51', 'سماعات itel IEW-51 (BudsAir 5i) هي سماعات أذن لاسلكية True Wireless (TWS) تقدم صوتًا جهوريًا مذهلًا مع ميزات مريحة وعمر بطارية طويل.', 45000, 35000, 13, 'images/items/1756436293_main_images (8).jpg', NULL, NULL, NULL, 1, 1, 1, '2025-08-28 23:58:13', '2025-08-28 23:58:13'),
(35, 'TWS itel IEW-55', 'سماعات itel IEW-55 معروفة أيضًا باسم Itel BudsAir 6، وهي سماعات أذن لاسلكية True Wireless (TWS) تقدم صوتًا عالي الجودة ومزايا متميزة، وتشمل:\r\n\r\nصوت واضح مع نظام باس قوي بفضل مشغلات 10 مم.\r\n\r\nاتصال Bluetooth 5.2 أو أحدث مع مدى يصل إلى 10 أمتار.\r\n\r\nبطارية تدوم حتى 32 ساعة مع علبة الشحن، وتشغيل مستمر لسماعة واحدة حوالي 5 ساعات.\r\n\r\nتصميم مريح داخل الأذن مع مقاومة عرق ومياه بدرجة IPX5.\r\n\r\nتحكم باللمس لتشغيل الموسيقى، الرد على المكالمات، واستخدام المساعد الصوتي.', 45000, 40000, 13, 'images/items/1756436365_main_images (9).jpg', NULL, NULL, NULL, 1, 1, 1, '2025-08-28 23:59:25', '2025-08-28 23:59:25'),
(36, 'TWS Earphone itel', 'إليك قائمة ببعض أشهر سماعات الأذن اللاسلكية (TWS) من itel لعام 2025 مع أبرز', 45000, 40000, 13, 'images/items/1756436419_main_51e5Ytwxo+L._UF1000,1000_QL80_.jpg', NULL, NULL, NULL, 1, 0, 1, '2025-08-29 00:00:19', '2025-08-29 00:00:19'),
(37, 'Neck Earphone itel IEB-35', 'سماعة الرقبة itel IEB-35 تتميز بتصميم عملي ومريح مع أداء صوت قوي يناسب الاستخدام اليومي والرياضي.\r\n\r\nالمواصفات الرئيسية لسماعة itel IEB-35:\r\nتصميم: سماعة عنق (neckband) مع أذن داخلية مريحة وخفيفة.\r\n\r\nبرنامج التشغيل: سائق باس 10 مم لتقديم صوت جهوري عميق ووضوح في الصوت.\r\n\r\nالاتصال: بلوتوث 5.0 يضمن اتصالًا مستقرًا وسلسًا مع الأجهزة في مدى يصل إلى 10 أمتار.\r\n\r\nعمر البطارية: حتى 12 ساعة من التشغيل المستمر.\r\n\r\nمقاومة الماء: معيار IPX5، مقاومة للعرق ورذاذ الماء، مناسبة للتمارين والنشاطات الخارجية.\r\n\r\nميزات أخرى: أزرار تحكم مدمجة لتعديل مستوى الصوت وتشغيل الموسيقى والرد على المكالمات، سماعات مغناطيسية لتثبيت السلك حول الرقبة عند عدم الاستخدام.', 30000, 25000, 14, 'images/items/1756436474_main_51sShF6Y9CL._UF350,350_QL50_.jpg', NULL, NULL, NULL, 1, 1, 1, '2025-08-29 00:01:14', '2025-08-29 00:03:54'),
(38, 'Neck Earphone itel IEB-500', 'لا توجد أي نتائج بحث توضح مواصفات أو تفاصيل رسمية لسماعة العنق itel IEB-500 حتى تاريخ اليوم، ولم يتم ذكر هذا الرقم ضمن المنتجات المدرجة في المصادر المتاحة مثل موديلات IEB-31 وIEB-52 وIEB-53 وIEB-54 Pro وIEB-55D، التي تحمل مواصفات معروفة في سوق سماعات الرقبة من itel.', 25000, 20000, 14, 'images/items/1756436624_main_itel-Wireless-Neckband-N35-Black-3.jpg', NULL, NULL, NULL, 1, 0, 1, '2025-08-29 00:03:44', '2025-08-29 00:03:44');

-- --------------------------------------------------------

--
-- Table structure for table `jobs`
--

CREATE TABLE `jobs` (
  `id` bigint UNSIGNED NOT NULL,
  `queue` varchar(255) COLLATE utf8mb4_unicode_ci NOT NULL,
  `payload` longtext COLLATE utf8mb4_unicode_ci NOT NULL,
  `attempts` tinyint UNSIGNED NOT NULL,
  `reserved_at` int UNSIGNED DEFAULT NULL,
  `available_at` int UNSIGNED NOT NULL,
  `created_at` int UNSIGNED NOT NULL
) ENGINE=InnoDB DEFAULT CHARSET=utf8mb4 COLLATE=utf8mb4_unicode_ci;

-- --------------------------------------------------------

--
-- Table structure for table `job_batches`
--

CREATE TABLE `job_batches` (
  `id` varchar(255) COLLATE utf8mb4_unicode_ci NOT NULL,
  `name` varchar(255) COLLATE utf8mb4_unicode_ci NOT NULL,
  `total_jobs` int NOT NULL,
  `pending_jobs` int NOT NULL,
  `failed_jobs` int NOT NULL,
  `failed_job_ids` longtext COLLATE utf8mb4_unicode_ci NOT NULL,
  `options` mediumtext COLLATE utf8mb4_unicode_ci,
  `cancelled_at` int DEFAULT NULL,
  `created_at` int NOT NULL,
  `finished_at` int DEFAULT NULL
) ENGINE=InnoDB DEFAULT CHARSET=utf8mb4 COLLATE=utf8mb4_unicode_ci;

-- --------------------------------------------------------

--
-- Table structure for table `migrations`
--

CREATE TABLE `migrations` (
  `id` int UNSIGNED NOT NULL,
  `migration` varchar(255) COLLATE utf8mb4_unicode_ci NOT NULL,
  `batch` int NOT NULL
) ENGINE=InnoDB DEFAULT CHARSET=utf8mb4 COLLATE=utf8mb4_unicode_ci;

--
-- Dumping data for table `migrations`
--

INSERT INTO `migrations` (`id`, `migration`, `batch`) VALUES
(1, '0001_01_01_000000_create_users_table', 1),
(2, '0001_01_01_000001_create_cache_table', 1),
(3, '0001_01_01_000002_create_jobs_table', 1),
(4, '2025_03_04_092640_create_categories_table', 1),
(5, '2025_03_04_092925_create_items_table', 1),
(6, '2025_03_04_092953_create_orders_table', 1),
(7, '2025_05_23_144825_create_carousels_table', 1),
(8, '2025_06_02_212644_add_description_to_items_table', 1);

-- --------------------------------------------------------

--
-- Table structure for table `orders`
--

CREATE TABLE `orders` (
  `id` bigint UNSIGNED NOT NULL,
  `customer_name` varchar(255) COLLATE utf8mb4_unicode_ci NOT NULL,
  `phone_number` varchar(255) COLLATE utf8mb4_unicode_ci NOT NULL,
  `product_name` varchar(255) COLLATE utf8mb4_unicode_ci DEFAULT NULL,
  `province` varchar(255) COLLATE utf8mb4_unicode_ci NOT NULL,
  `area` varchar(255) COLLATE utf8mb4_unicode_ci NOT NULL,
  `landmark` varchar(255) COLLATE utf8mb4_unicode_ci NOT NULL,
  `created_at` timestamp NULL DEFAULT NULL,
  `updated_at` timestamp NULL DEFAULT NULL
) ENGINE=InnoDB DEFAULT CHARSET=utf8mb4 COLLATE=utf8mb4_unicode_ci;

-- --------------------------------------------------------

--
-- Table structure for table `sessions`
--

CREATE TABLE `sessions` (
  `id` varchar(255) COLLATE utf8mb4_unicode_ci NOT NULL,
  `user_id` bigint UNSIGNED DEFAULT NULL,
  `ip_address` varchar(45) COLLATE utf8mb4_unicode_ci DEFAULT NULL,
  `user_agent` text COLLATE utf8mb4_unicode_ci,
  `payload` longtext COLLATE utf8mb4_unicode_ci NOT NULL,
  `last_activity` int NOT NULL
) ENGINE=InnoDB DEFAULT CHARSET=utf8mb4 COLLATE=utf8mb4_unicode_ci;

--
-- Dumping data for table `sessions`
--

INSERT INTO `sessions` (`id`, `user_id`, `ip_address`, `user_agent`, `payload`, `last_activity`) VALUES
('4ax5P1y0mf3OTMQGgHX8vCDSyeyRutzm9W21pUqR', NULL, '91.221.190.53', 'Mozilla/5.0 (Windows NT 10.0; Win64; x64) AppleWebKit/537.36 (KHTML, like Gecko) Chrome/144.0.0.0 Safari/537.36 Edg/144.0.0.0', 'YTozOntzOjY6Il90b2tlbiI7czo0MDoiRjFHVENpalRDZzlqT0pOME84S3E3ZHM0Q3g1aVI2S0NUZ1VrcTdtTCI7czo5OiJfcHJldmlvdXMiO2E6MTp7czozOiJ1cmwiO3M6MzY6Imh0dHBzOi8vYXd0YWRhbGtoaW1hLmNvbS5pcS9zZXJ2aWNlcyI7fXM6NjoiX2ZsYXNoIjthOjI6e3M6Mzoib2xkIjthOjA6e31zOjM6Im5ldyI7YTowOnt9fX0=', 1770890536),
('fClj4ebN8VQEzh8xSe2FNYqz5zKcYNlQtmrZNTi0', NULL, '38.242.130.36', 'Mozilla/5.0 (CentOS; Linux i686) AppleWebKit/537.36 (KHTML, like Gecko) Chrome/137.0.0.0 Safari/537.36', 'YTozOntzOjY6Il90b2tlbiI7czo0MDoiRnVsZkU3WllrNmhMdzltaFhrdmVaTk81WjJYa1VIeTBrbDFCa2hLcyI7czo5OiJfcHJldmlvdXMiO2E6MTp7czozOiJ1cmwiO3M6NDI6Imh0dHBzOi8vbWFpbC5hd3RhZGFsa2hpbWEuY29tLmlxL2luZGV4LnBocCI7fXM6NjoiX2ZsYXNoIjthOjI6e3M6Mzoib2xkIjthOjA6e31zOjM6Im5ldyI7YTowOnt9fX0=', 1770889010),
('fkSVg5YiwcksYn49iTW3DXMUFjSMbQ6D1Eo58blu', NULL, '38.242.130.36', 'Mozilla/5.0 (Windows NT 10.0; Win64; x64; rv:88.0) Gecko/20100101 Firefox/88.0', 'YTozOntzOjY6Il90b2tlbiI7czo0MDoiWVY1WDluMFZnbDJ3dnR3VW8xdURpQmRmbWdndXg1ODE2OXh2ZlZUWiI7czo5OiJfcHJldmlvdXMiO2E6MTp7czozOiJ1cmwiO3M6NDA6Imh0dHA6Ly93d3cuYXd0YWRhbGtoaW1hLmNvbS5pcS9pbmRleC5waHAiO31zOjY6Il9mbGFzaCI7YToyOntzOjM6Im9sZCI7YTowOnt9czozOiJuZXciO2E6MDp7fX19', 1770885306),
('ibcWHYAKlgLTe6QR3CARw9VnPikoRG8VWROtXltF', NULL, '38.242.130.36', 'Mozilla/5.0 (Macintosh; Intel Mac OS X 10_15_7) AppleWebKit/537.36 (KHTML, like Gecko) Chrome/128.0.0.0 Safari/537.36', 'YTozOntzOjY6Il90b2tlbiI7czo0MDoiWXRjTU9tNm5QUDBIdlM3WUx1R2Y1c2Y1ZHlFOHVRZ2pPbGhkMERzQSI7czo5OiJfcHJldmlvdXMiO2E6MTp7czozOiJ1cmwiO3M6NDE6Imh0dHA6Ly9tYWlsLmF3dGFkYWxraGltYS5jb20uaXEvaW5kZXgucGhwIjt9czo2OiJfZmxhc2giO2E6Mjp7czozOiJvbGQiO2E6MDp7fXM6MzoibmV3IjthOjA6e319fQ==', 1770883173),
('js3aVyp4Cr7GZ5hpKWdDPEja3NrOoVecujijGOhc', NULL, '38.242.130.36', 'Mozilla/5.0 (X11; Linux x86_64; rv:1.9.5.20) Gecko/ Firefox/3.6.5', 'YTozOntzOjY6Il90b2tlbiI7czo0MDoidHJrUmNCYjVkcFZqMmhhYjdkaHhQdHVLYWo5S1VFZGdtQUhVNFNpTSI7czo5OiJfcHJldmlvdXMiO2E6MTp7czozOiJ1cmwiO3M6MzE6Imh0dHBzOi8vd3d3LmF3dGFkYWxraGltYS5jb20uaXEiO31zOjY6Il9mbGFzaCI7YToyOntzOjM6Im9sZCI7YTowOnt9czozOiJuZXciO2E6MDp7fX19', 1770887925),
('JXn5mUywO01jVsOFqtaVxWAPBzeqHzBLy2SadiC8', NULL, '38.242.130.36', 'Mozilla/5.0 (Kubuntu; Linux i686) AppleWebKit/537.36 (KHTML, like Gecko) Chrome/141.0.0.0 Safari/537.36', 'YTozOntzOjY6Il90b2tlbiI7czo0MDoiMTFIU2liTmpVcDhSTXl2OVZtM3B1WWdHM2VSOTJ3bGFoMmhOdURnbiI7czo5OiJfcHJldmlvdXMiO2E6MTp7czozOiJ1cmwiO3M6MTkyOiJodHRwczovL21haWwuYXd0YWRhbGtoaW1hLmNvbS5pcS9pbmRleC5waHA/Y29udHJvbGxlcj1Db21tZW50R3JhZGUmZmM9bW9kdWxlJmlkX3Byb2R1Y3RzJTVCMCU1RD0xJTIwQU5EJTIwJTI4U0VMRUNUJTIwMzg3NSUyMEZST00lMjAlMjhTRUxFQ1QlMjhTTEVFUCUyODglMjklMjklMjl4b090JTI5Jm1vZHVsZT1wcm9kdWN0Y29tbWVudHMiO31zOjY6Il9mbGFzaCI7YToyOntzOjM6Im9sZCI7YTowOnt9czozOiJuZXciO2E6MDp7fX19', 1770889013),
('KAzTnnBWm4SAXjKbJElVNNdAtOlwlDQ5HSdJYmrE', NULL, '91.106.62.141', 'Mozilla/5.0 (Linux; Android 10; K) AppleWebKit/537.36 (KHTML, like Gecko) Chrome/138.0.0.0 Mobile Safari/537.36', 'YTozOntzOjY6Il90b2tlbiI7czo0MDoibTlIc3dVZExFT3BsSkx1V0hmQnAyYWUyeUJacXBFRnhTOUlNQXVqMSI7czo5OiJfcHJldmlvdXMiO2E6MTp7czozOiJ1cmwiO3M6MzY6Imh0dHBzOi8vYXd0YWRhbGtoaW1hLmNvbS5pcS9zZXJ2aWNlcyI7fXM6NjoiX2ZsYXNoIjthOjI6e3M6Mzoib2xkIjthOjA6e31zOjM6Im5ldyI7YTowOnt9fX0=', 1770890541),
('OtIJgkKUy9YvjhSJRbVI7pKVotaIrVzRLgHnMfBg', NULL, '66.249.79.65', 'Mozilla/5.0 (Linux; Android 6.0.1; Nexus 5X Build/MMB29P) AppleWebKit/537.36 (KHTML, like Gecko) Chrome/144.0.7559.132 Mobile Safari/537.36 (compatible; Googlebot/2.1; +http://www.google.com/bot.html)', 'YTozOntzOjY6Il90b2tlbiI7czo0MDoiekVKakNRTFY4emNpOVNVWDJFeFA1Y2Z6TjM4dXZlRTMyZVRkNU94cSI7czo5OiJfcHJldmlvdXMiO2E6MTp7czozOiJ1cmwiO3M6MzY6Imh0dHA6Ly9hd3RhZGFsa2hpbWEuY29tLmlxLz9fZz0xNTcxNiI7fXM6NjoiX2ZsYXNoIjthOjI6e3M6Mzoib2xkIjthOjA6e31zOjM6Im5ldyI7YTowOnt9fX0=', 1770886347),
('v4YYSZdnSviOsYislYVGiyKxPdjSMBYo6bz14tqr', NULL, '66.249.79.67', 'Mozilla/5.0 (Linux; Android 6.0.1; Nexus 5X Build/MMB29P) AppleWebKit/537.36 (KHTML, like Gecko) Chrome/144.0.7559.132 Mobile Safari/537.36 (compatible; Googlebot/2.1; +http://www.google.com/bot.html)', 'YTozOntzOjY6Il90b2tlbiI7czo0MDoiMTRhbXhGc05mRWczZlhSenQ4RDdibHpzMURyaFcwbDFwR0dXRXVSUiI7czo5OiJfcHJldmlvdXMiO2E6MTp7czozOiJ1cmwiO3M6Mzc6Imh0dHA6Ly9hd3RhZGFsa2hpbWEuY29tLmlxLz9fZz02MDQ5MDMiO31zOjY6Il9mbGFzaCI7YToyOntzOjM6Im9sZCI7YTowOnt9czozOiJuZXciO2E6MDp7fX19', 1770888011),
('VN2VYHJhX4eoTVzCYFoeW28UGV7WOteMKLCNle0a', NULL, '38.242.130.36', 'Mozilla/5.0 (Macintosh; Intel Mac OS X 10_15_7) AppleWebKit/605.1.15 (KHTML, like Gecko) Version/17.6 Mobile/15E148 Safari/604.1', 'YTozOntzOjY6Il90b2tlbiI7czo0MDoiOTVYaUMwUm1JTmtNSUI3SnlHbGlMT3dJeW5pU2RKZk9CanlwNDNETyI7czo5OiJfcHJldmlvdXMiO2E6MTp7czozOiJ1cmwiO3M6NDE6Imh0dHBzOi8vd3d3LmF3dGFkYWxraGltYS5jb20uaXEvaW5kZXgucGhwIjt9czo2OiJfZmxhc2giO2E6Mjp7czozOiJvbGQiO2E6MDp7fXM6MzoibmV3IjthOjA6e319fQ==', 1770890288),
('YjE5BZ8PF8RnBIXjMpHqPHj3aIUqvqeoAgKzu0SV', NULL, '66.249.79.66', 'Mozilla/5.0 (Linux; Android 6.0.1; Nexus 5X Build/MMB29P) AppleWebKit/537.36 (KHTML, like Gecko) Chrome/144.0.7559.132 Mobile Safari/537.36 (compatible; Googlebot/2.1; +http://www.google.com/bot.html)', 'YTozOntzOjY6Il90b2tlbiI7czo0MDoibE5IcklsaFBPaGJydW9mcWZkZVRIUUFNM3M5TU55U3R4ZG9rbEdUWCI7czo5OiJfcHJldmlvdXMiO2E6MTp7czozOiJ1cmwiO3M6NDI6Imh0dHBzOi8vd3d3LmF3dGFkYWxraGltYS5jb20uaXEvP19nPTIzNDQxNyI7fXM6NjoiX2ZsYXNoIjthOjI6e3M6Mzoib2xkIjthOjA6e31zOjM6Im5ldyI7YTowOnt9fX0=', 1770886266);

--
-- Indexes for table `carousels`
--
ALTER TABLE `carousels`
  ADD PRIMARY KEY (`id`);

--
-- Indexes for table `categories`
--
ALTER TABLE `categories`
  ADD PRIMARY KEY (`id`);

--
-- Indexes for table `failed_jobs`
--
ALTER TABLE `failed_jobs`
  ADD PRIMARY KEY (`id`),
  ADD UNIQUE KEY `failed_jobs_uuid_unique` (`uuid`);

--
-- Indexes for table `items`
--
ALTER TABLE `items`
  ADD PRIMARY KEY (`id`),
  ADD KEY `items_category_id_foreign` (`category_id`);

--
-- Indexes for table `jobs`
--
ALTER TABLE `jobs`
  ADD PRIMARY KEY (`id`),
  ADD KEY `jobs_queue_index` (`queue`);

--
-- Indexes for table `job_batches`
--
ALTER TABLE `job_batches`
  ADD PRIMARY KEY (`id`);

--
-- Indexes for table `migrations`
--
ALTER TABLE `migrations`
  ADD PRIMARY KEY (`id`);

--
-- Indexes for table `orders`
--
ALTER TABLE `orders`
  ADD PRIMARY KEY (`id`);

--
-- Indexes for table `sessions`
--
ALTER TABLE `sessions`
  ADD PRIMARY KEY (`id`),
  ADD KEY `sessions_user_id_index` (`user_id`),
  ADD KEY `sessions_last_activity_index` (`last_activity`);

--
-- AUTO_INCREMENT for dumped tables
--

--
-- AUTO_INCREMENT for table `carousels`
--
ALTER TABLE `carousels`
  MODIFY `id` bigint UNSIGNED NOT NULL AUTO_INCREMENT;

--
-- AUTO_INCREMENT for table `categories`
--
ALTER TABLE `categories`
  MODIFY `id` bigint UNSIGNED NOT NULL AUTO_INCREMENT, AUTO_INCREMENT=15;

--
-- AUTO_INCREMENT for table `failed_jobs`
--
ALTER TABLE `failed_jobs`
  MODIFY `id` bigint UNSIGNED NOT NULL AUTO_INCREMENT;

--
-- AUTO_INCREMENT for table `items`
--
ALTER TABLE `items`
  MODIFY `id` bigint UNSIGNED NOT NULL AUTO_INCREMENT, AUTO_INCREMENT=39;

--
-- AUTO_INCREMENT for table `jobs`
--
ALTER TABLE `jobs`
  MODIFY `id` bigint UNSIGNED NOT NULL AUTO_INCREMENT;

--
-- AUTO_INCREMENT for table `migrations`
--
ALTER TABLE `migrations`
  MODIFY `id` int UNSIGNED NOT NULL AUTO_INCREMENT, AUTO_INCREMENT=9;

--
-- AUTO_INCREMENT for table `orders`
--
ALTER TABLE `orders`
  MODIFY `id` bigint UNSIGNED NOT NULL AUTO_INCREMENT;

--
-- Constraints for dumped tables
--

--
-- Constraints for table `items`
--
ALTER TABLE `items`
  ADD CONSTRAINT `items_category_id_foreign` FOREIGN KEY (`category_id`) REFERENCES `categories` (`id`) ON DELETE CASCADE;
COMMIT;

